-60
Let h(p) = -841*p**3 - 2526*p**2 - 5*p + 9. What is h(-3)?
-3
Let w(a) = a**3 + 51564*a**2 + a - 11. Give w(0).
-11
Let j(b) = b**3 - 56*b**2 + 789*b - 280. Calculate j(30).
-10
Let l(t) = 99*t + 169. What is l(-2)?
-29
Let o(q) = 14*q**3 - 242*q**2 + 498*q - 276. Determine o(15).
-6
Let a(r) = 438*r - 1225. Determine a(3).
89
Let g(i) = 22946*i + 275361. What is g(-12)?
9
Let q(c) = -4180*c - 183921. What is q(-44)?
-1
Let w(g) = -g**3 + 3*g**2 - 165*g + 333. Determine w(2).
7
Let m(y) = 5397*y + 3664565. Give m(-679).
2
Let q(b) = -6*b**2 - 756*b - 23328. What is q(-54)?
0
Let s(c) = 210*c - 9101. Calculate s(43).
-71
Let n(g) = 14*g**3 - 14*g**2 - 67*g + 130. Determine n(2).
52
Let n(p) = 392*p - 21814. Give n(59).
1314
Let c(d) = 4*d**2 - 41*d - 30. Give c(11).
3
Let h(z) = -104*z + 3128. Give h(24).
632
Let c(d) = -d**2 - 8452*d - 118149. Give c(-14).
-17
Let o(v) = 462*v - 35865. Determine o(79).
633
Let i(n) = 14*n**3 + 1306*n**2 + 2911*n - 99. Calculate i(-91).
-8
Let l(a) = 68091*a + 680890. What is l(-10)?
-20
Let v(k) = 2*k**3 + 234*k**2 - 1002*k - 4248. Determine v(-121).
-134
Let j(h) = -870*h + 25240. Determine j(29).
10
Let g(x) = 29139*x + 262259. Give g(-9).
8
Let d(y) = -4*y**2 - 58*y + 99966. Determine d(151).
4
Let s(o) = -48*o**3 - 816*o**2 - 17*o - 284. Determine s(-17).
5
Let l(k) = 5*k**2 + 2039*k + 12091. Calculate l(-6).
37
Let m(s) = -10683*s - 202992. Determine m(-19).
-15
Let a(f) = -2*f**3 + 222*f**2 - 81*f + 8348. Calculate a(111).
-643
Let v(y) = 167*y + 2895. Calculate v(-23).
-946
Let n(b) = 2*b**2 - 997*b + 33266. Calculate n(36).
-34
Let l(r) = r**2 + 84353*r + 337382. Calculate l(-4).
-14
Let q(u) = 2*u**2 - 84*u - 183. Determine q(46).
185
Let s(z) = -27386*z + 575103. What is s(21)?
-3
Let d(q) = -181*q - 6775. Calculate d(-38).
103
Let a(z) = -934*z + 4787. What is a(5)?
117
Let x(m) = -3*m**2 - 9556*m + 250495. Calculate x(26).
11
Let b(w) = 481036*w + 5772437. Calculate b(-12).
5
Let f(u) = 45*u - 464. Give f(5).
-239
Let a(l) = -2*l**2 - 80346*l + 803662. What is a(10)?
2
Let k(w) = -152*w - 2937. Give k(-26).
1015
Let q(u) = -2*u**3 - 317*u**2 + 180*u + 2255. Give q(-159).
-1084
Let y(f) = -3*f**2 - 7298*f - 36423. Determine y(-5).
-8
Let v(q) = 4*q**2 - 1213*q - 75053. What is v(356)?
63
Let y(l) = -32*l**2 + 205*l - 1266. Give y(6).
-1188
Let b(d) = -1925*d - 795147. Give b(-413).
-122
Let n(c) = -165*c**2 - 42*c + 45. Calculate n(0).
45
Let x(y) = 2*y**2 + 71*y + 9. Determine x(-24).
-543
Let a(c) = -8654*c - 104281. Calculate a(-12).
-433
Let d(k) = -57*k**2 + 9085*k - 232346. Calculate d(32).
6
Let c(j) = 2*j**2 + 134*j - 1697. What is c(13)?
383
Let n(b) = 165092*b + 1650906. Calculate n(-10).
-14
Let i(r) = r**3 + 34*r**2 + 230*r - 79. Give i(-9).
-124
Let r(z) = -1023*z - 115428. What is r(-113)?
171
Let h(z) = -663*z**2 - 65*z - 6. What is h(-1)?
-604
Let x(y) = y**2 - 929*y + 101152. Calculate x(126).
-26
Let t(j) = -181*j - 1470. Calculate t(-8).
-22
Let n(x) = -101*x**2 + 2410*x + 400. Give n(24).
64
Let v(y) = 8757*y - 33649. Determine v(4).
1379
Let h(z) = 506*z + 173864. Give h(-344).
-200
Let a(p) = -p**2 + 7581. Determine a(-87).
12
Let z(a) = -2*a**3 + 43*a**2 + 2856*a - 6989. Give z(-30).
31
Let p(j) = 2408*j + 16897. Calculate p(-8).
-2367
Let i(h) = -4426*h - 2159891. Calculate i(-488).
-3
Let q(y) = -5*y**2 + 137*y + 809. Determine q(-5).
-1
Let f(m) = 45*m + 2269. Calculate f(-50).
19
Let b(y) = -y**2 - 2576*y + 20847. Determine b(8).
175
Let h(o) = 71*o**2 - 7027*o + 6946. Determine h(1).
-10
Let a(u) = 27167*u + 1141011. Determine a(-42).
-3
Let r(m) = -34*m - 5116. What is r(-22)?
-4368
Let o(d) = 35*d**3 + 2643*d**2 - 1287*d + 413. Determine o(-76).
33
Let m(s) = 2*s**3 + 53*s**2 - 229*s + 1. What is m(4)?
61
Let y(f) = 2*f**3 - 1462*f**2 - 33123*f - 6773. Determine y(753).
4
Let r(k) = k**3 + 115*k**2 + 1862*k - 3553. Determine r(-95).
57
Let s(c) = -266*c**2 - 15161*c + 17. Determine s(-57).
-40
Let a(d) = -2*d**3 + 685*d**2 + 1058*d - 8896. Determine a(344).
48
Let n(d) = -2*d**3 - 1259*d**2 - 22620*d - 7958. What is n(-611)?
-15
Let s(a) = -a**3 + 40*a**2 - 550*a + 31934. What is s(44)?
-10
Let t(n) = 2*n**3 - 59*n**2 + 286*n - 586. Give t(24).
-58
Let y(f) = -41186*f + 164731. Calculate y(4).
-13
Let b(p) = 4*p**3 - 3*p**2 - 1682*p - 9. Determine b(0).
-9
Let r(s) = 1416*s - 199697. Determine r(141).
-41
Let v(m) = 2419*m + 38694. Determine v(-16).
-10
Let f(v) = 997469*v - 4987354. What is f(5)?
-9
Let b(h) = 2668*h - 851102. Calculate b(319).
-10
Let n(o) = 2546*o - 90170. Give n(35).
-1060
Let n(d) = 3992*d - 47960. Calculate n(12).
-56
Let q(g) = -1119*g - 389031. Calculate q(-347).
-738
Let g(y) = -426*y + 97559. What is g(229)?
5
Let m(y) = -23745*y - 617369. What is m(-26)?
1
Let i(y) = 2*y**3 - 11*y**2 - 231*y + 1442. Determine i(7).
-28
Let w(h) = -54*h**2 + 145*h - 486. Calculate w(3).
-537
Let r(v) = -10*v**2 - 521*v - 5658. Give r(-11).
-1137
Let k(v) = -4*v**3 + 8*v**2 + 104*v + 8. Give k(-4).
-24
Let s(a) = 1035*a - 7333. Determine s(7).
-88
Let o(i) = i**3 - 49*i**2 + 313*i - 15. Calculate o(40).
-1895
Let f(q) = 3122*q + 78273. Calculate f(-25).
223
Let b(n) = n**3 + 34*n**2 - 65*n - 1088. What is b(-35)?
-38
Let z(s) = s**3 + 80*s**2 - 1518*s - 92895. Determine z(-85).
10
Let d(l) = -l**2 + 214*l - 11537. What is d(107)?
-88
Let p(f) = -f**3 - 61*f**2 - 18*f - 1133. What is p(-61)?
-35
Let g(j) = -6*j**2 - 192*j - 710. Determine g(-4).
-38
Let u(x) = 2*x**2 - 14689*x - 29384. What is u(-2)?
2
Let s(i) = -70*i - 14867. What is s(-155)?
-4017
Let x(u) = 907*u - 27563. What is x(31)?
554
Let q(a) = 35*a**2 + 4952*a - 7569. Give q(-143).
10
Let i(x) = x**3 + x**2 - 3075*x - 18295. Calculate i(-6).
-25
Let u(m) = 17*m**3 - 530*m**2 + 103*m - 289. Give u(31).
21
Let u(t) = -3*t**2 - 41713*t - 416835. What is u(-10)?
-5
Let u(v) = -11*v**3 + 55*v**2 + 4553*v - 8. Give u(-18).
10
Let z(q) = -810*q - 8414. Determine z(-10).
-314
Let l(n) = 3*n**2 + 2083*n - 38473. Give l(18).
-7
Let g(n) = -38*n - 2121. Give g(-12).
-1665
Let b(r) = 80*r**3 - 16*r**2 + 163*r - 377. Give b(3).
2128
Let v(u) = -228*u - 4990. Give v(-18).
-886
Let k(p) = -5*p**2 + 561*p - 4726. Determine k(103).
12
Let s(a) = a**2 - 860860*a - 2582582. Calculate s(-3).
7
Let q(c) = -695*c**2 + 32681*c - 736. Determine q(47).
16
Let y(z) = -28902*z. Calculate y(0).
0
Let i(p) = p**2 - 109*p + 2280. Give i(49).
-660
Let d(b) = -4181*b + 41848. Calculate d(10).
38
Let t(x) = -832*x - 53209. Calculate t(-64).
39
Let j(a) = 1478*a - 69601. Determine j(47).
-135
Let v(r) = -r**3 + 62*r**2 - 888*r - 419. Determine v(23).
-212
Let s(k) = -k**2 - 2807*k - 110669. Calculate s(-40).
11
Let d(r) = 236*r + 63180. Determine d(-268).
-68
Let n(b) = -15*b**2 + 38*b + 383. Calculate n(-7).
-618
Let i(o) = -o**3 - 227*o**2 - 12004*o + 5612. Determine i(-85).
2
Let z(y) = -11*y**2 + 349*y - 2285. What is z(22)?
69
Let g(x) = -14*x**2 - 634*x + 3832. Determine g(6).
-476
Let o(k) = -64*k**2 + 686*k - 995. Determine o(9).
-5
Let r(k) = 4*k**3 + 1929*k**2 + 10021*k + 1906. Give r(-477).
-2
Let h(x) = 12*x**2 + 2036*x - 53175. Give h(23).
1
Let b(a) = -2441*a - 33614. What is b(-14)?
560
Let d(l) = -8*l**2 - 1329*l - 1467. What is d(-165)?
18
Let r(s) = 28*s**2 + 2750*s + 11004. Calculate r(-4).
452
Let s(u) = 1689*u + 44016. What is s(-26)?
102
Let w(n) = 74*n**2 - 1932*n + 11. Determine w(26).
-197
Let u(d) = 39*d**3 + 10*d**2 + 281*d + 866. Give u(-3).
-940
Let u(n) = 35*n + 3244. Give u(-62).
1074
Let v(w) = -22582*w - 180664. What is v(-8)?
-8
Let w(l) = 2*l**3 - 269*l**2 + 4104*l - 1202. Determine w(117).
-149
Let a(q) = 9*q**3 + 7*q**2 - 188*q - 1168. Calculate a(-6).
-1732
Let s(v) = 1325*v - 14952. Determine s(11).
-377
Let w(j) = -2323*j + 2539029. Determine w(1093).
-10
Let y(b) = 4582*b + 4671. What is y(-1)?
89
Let h(u) = 21*u - 6598. Calculate h(219).
-1999
Let k(b) = -6*b**3 - 146*b**2 + 85*b + 777. Give k(-24).
-2415
Let r(z) = 2*z**3 + 53*z**2 + 268*z - 1074. What is r(-13)?
5
Let r(l) = 9371*l - 84262. Calculate r(9).
77
Let d(h) = 3*h**3 - 130*h**2 + 879*h - 161. Calculate d(35).
-21
Let g(i) = -519*i + 21244. What is g(41)?
-35
Let m(k) = 4041*k + 5253297. Determine m(-1300).
-3
Let t(r) = -